9?
19
Suppose -3*j + 8*b + 949 = 7*b, 2*b = 4*j - 1266. What is the remainder when 1120 is divided by j?
172
Let c(z) = z - 3. Let y be c(-4). Let f be 1518/9 - y/21. Suppose -f = -d - r - r, -3*r = -6. What is the remainder when d is divided by 42?
39
Suppose 3*z - 34 = 14*w - 16*w, 4*w + 58 = 3*z. Calculate the remainder when 273 is divided by z.
7
Let r(q) = -5*q + 79. Calculate the remainder when (1 + 3)*130*(-4)/(-8) is divided by r(7).
40
Let x = 2245 + -2091. Calculate the remainder when 4310 is divided by x.
152
Let p(h) = 5*h + 38. Let t be p(-5). Let r be 2/1 - (-2 + 1). Suppose -5*n + 3 = t, 3*c = -r*n + 120. What is the remainder when c is divided by 11?
9
Suppose d - 7 = -24. Let y = -9 - d. What is the remainder when (-3)/(-14)*-16*(-63)/18 is divided by y?
4
Let c(n) = 94*n + 55. Let r be c(-5). Let a = r + 469. Calculate the remainder when a is divided by 6.
0
Suppose 23 = 3*l - 2*u, 5*l - 6*l + 2*u = -13. Let v = -16 + 34. Suppose 4*c = l*c - v. Calculate the remainder when c is divided by 4.
2
Let r(h) = -33*h - 297. Let o(u) = -6*u - 316. Let q be o(-51). Calculate the remainder when 91 is divided by r(q).
25
Calculate the remainder when ((-130)/15 + 24/30*10)*-1977 is divided by 116.
42
Suppose -6*k + 10*k = 176. Calculate the remainder when k is divided by 0*(-2)/(-2) + 8.
4
Suppose -10*j = -14*j + 8, 4*j - 264 = -4*g. What is the remainder when g is divided by 63?
1
Suppose -3*a + 992 = 89*n - 93*n, -a = n - 319. What is the remainder when 11985 is divided by a?
321
Suppose b + 2*b = 81. Calculate the remainder when (-1311)/(-43263) + (-6664)/(-66) is divided by b.
20
Let y(h) = -35*h**3 - 5*h**2 - 25*h - 22. Calculate the remainder when y(-2) is divided by 95.
3
Suppose 0 = 4*f - 1574 + 246. Let x(t) = 21*t**2 + 242*t + 377. Calculate the remainder when f is divided by x(-10).
47
Suppose -39*l + 984 + 69 = 0. Calculate the remainder when 3343 is divided by l.
22
Suppose 4*h + 2*h = 54. Let l(p) = -p**3 + 6*p**2 + 30*p - 18. Let y(s) = -3*s**3 - 3*s**2 + 3*s - 2. What is the remainder when y(-3) is divided by l(h)?
7
Let h = 17 + -3. Let a be (45/40)/((-2 - 5)/(-56)). Suppose 2*y = -3*o + 194, 2*y + a = -2*o + 135. What is the remainder when o is divided by h?
12
Suppose -3*d + 485 = h, -h - h = 3*d - 484. Suppose 2425 - 1804 - 2887 = -77*x + 2816. What is the remainder when d is divided by x?
30
Suppose h = 2*p + 102 - 173, -5*h = -2*p + 99. Suppose -4*o - 425 = -9*o. What is the remainder when o is divided by p?
21
What is the remainder when 12*1 + (119 - -182) is divided by 60?
13
Suppose 336 = 77*z - 75*z. Calculate the remainder when 839 is divided by z.
167
Suppose 427*g - 439*g = -1344. Let h = 201 + -144. What is the remainder when g is divided by h?
55
Suppose -4*c - h = -4, 0*c = -2*c - 5*h + 20. Suppose -7*a + 2*a - 45 = c. Calculate the remainder when ((-1)/(-3))/((-3)/a) + 82 is divided by 5.
3
Let y(l) = 4*l**2 + 56*l + 5. Let f be y(-14). Suppose -f*u - d = -68, -u - d - 72 = -6*u. Let p = 249 + -140. What is the remainder when p is divided by u?
11
Suppose -3*d - 121 = -a, 3*a + 3*d - 601 = -214. Suppose -12*t + 2*r + 160 = 0, -9*r = 4*t - 10*r - 54. Calculate the remainder when a is divided by t.
10
Let r(p) = -p**3 + 4*p**2 - 3*p. Let x be r(2). Suppose x*a - 2541 = -19*a. Calculate the remainder when a is divided by 42.
37
Suppose 4*i - 120 = -0*i. Suppose 0 = 4*c + c - i. What is the remainder when ((-10)/(-4))/(4 + (-69)/18) is divided by c?
3
Let t = -271 - -453. What is the remainder when (4/(-8))/((-7)/t) is divided by (1 - (-5 + -1)) + 0?
6
Let b(m) = -m**3 - 9*m**2 - 15*m + 23. Let u be b(-6). Calculate the remainder when 0/2 + 1*39 is divided by u*(4 - (-2)/10*-12).
7
Suppose 13 + 17 = 5*v. Suppose -5 = -v*i + 31. Suppose -5*g - i*d = -d - 130, -g - 3*d + 36 = 0. Calculate the remainder when g is divided by 7.
0
Suppose y - 80 = -3*h, 2*y - 92 = 3*h + 77. Calculate the remainder when y is divided by 8.
3
Suppose -262*l - 576 = -274*l. Calculate the remainder when 2206 is divided by l.
46
Let c = -11624 + 11628. Calculate the remainder when 2801 is divided by c.
1
Suppose 15*s = 10*s + 5. Let u be 24/(-20)*(6 - s). What is the remainder when (-9)/(-6) - 153/u is divided by 7?
6
Let z(k) = 11 + 13*k + 6*k**2 - 8*k**2 + 3*k**2 - 2*k. Suppose -5*m + 7 = 4*b - 0, -4*m = -4*b - 20. What is the remainder when z(-11) is divided by m?
2
Suppose -66*t + 77*t + 153*t - 25420 = 0. Calculate the remainder when 296 is divided by t.
141
Let y(l) be the third derivative of 1/2*l**3 + 0 - 10*l**2 - 1/120*l**6 + 1/24*l**4 + 0*l**5 + 0*l. Calculate the remainder when y(-2) is divided by 3.
0
Suppose -2*f = -26 - 154. Let h = 67 + f. Calculate the remainder when h is divided by (-6)/39 - (13 + (-1382)/26).
37
Suppose -6*o - 17 + 5 = 0. Let v(d) = -10*d**3 + 2*d**2 + 3*d. Let y be v(o). Let k = 122 - y. What is the remainder when k is divided by 14?
12
Calculate the remainder when (17 + 360/(-21) + 5/(-14))*-1882 is divided by 105.
101
Suppose 0 = 2*z - 79 + 181. Calculate the remainder when 4/(-34) - 777*9/z is divided by 48.
41
Let q(g) = -8*g + 6. Let z be ((-369)/(-18))/((-3)/(-6) + -1). Let m = 96 + z. What is the remainder when m is divided by q(-3)?
25
Suppose 0 = 2*x + 2*b - 1118, 0*x - b = -3*x + 1697. Let d = x - 484. Calculate the remainder when 396 is divided by d.
76
Calculate the remainder when 7795*16/(-480)*-6 is divided by 40.
39
Let y(f) = 9*f**2 - 7*f - 37. Let s(v) = -11*v**2 + 6*v + 37. Let k(h) = -5*s(h) - 6*y(h). What is the remainder when k(-15) is divided by 42?
40
Let t be 3690/135 + (-3)/(-18)*10. Suppose 14*h + 660 = t*h. What is the remainder when h is divided by 33?
11
Suppose -84 = -4*u - 5*d, -20*u + 4*d - 32 = -21*u. Let r be 9/3 - 0/2. Suppose n + 12 = r*n. Calculate the remainder when u is divided by n.
4
Let p = 60 + -59. Let u be p*(2/5 + (-2)/5). Let x(s) = -2*s + 65. What is the remainder when x(u) is divided by 35?
30
Suppose -5*w + 2*i - 448 = 0, 4*i + 0*i = -2*w - 184. Let h(z) = -53*z. Let v be h(1). Let l = v - w. What is the remainder when l is divided by 13?
11
What is the remainder when 2/(100/(-10) - -18) - (-2526)/8 is divided by 94?
34
Let y(b) = 267*b + 4767. What is the remainder when y(-12) is divided by 516?
15
Let j = -2771 + 2993. What is the remainder when j is divided by 16?
14
Suppose -c + 352 = 3*i, 264 = 2*i - c + 26. Calculate the remainder when 349 is divided by i.
113
Let m = -12476 - -12559. What is the remainder when 266 is divided by m?
17
Suppose -4*u + b + 72 = -25, -3*u = -4*b - 76. Let o = 135 + u. Calculate the remainder when o is divided by 7.
5
Calculate the remainder when (47824/(-42))/(3/(-9)) + 40/(-10) is divided by 681.
7
Suppose 2043 = 5*c - 3617. Suppose -2*t + 4*f - 311 = -2593, t - 5*f - c = 0. What is the remainder when t is divided by 25?
22
Let y(a) = 8*a + 3. Let x be 6/(-5)*(-45)/(-63)*-7. Suppose 33 = 3*b + j, -j - 47 = b - x*b. Calculate the remainder when y(3) is divided by b.
7
Let y = -7 + -5. What is the remainder when y/2*(-296)/111 is divided by 6?
4
Let y = -7532 + 7863. Calculate the remainder when 338 is divided by y.
7
Suppose -r + 5*u + 101 = -79, -5*r + 900 = -3*u. Suppose 20*k - 14*k = r. Let y = 14 + 105. Calculate the remainder when y is divided by k.
29
Let s(y) = 5*y - 35. Let z be s(7). Suppose -8*m + 96 = -z*m. What is the remainder when 38 is divided by m?
2
Suppose -5*c + 3*i + 35 = 0, -9*i = 2*c - 11*i - 10. Suppose 0 = -18*k + c + 8. What is the remainder when 9 is divided by k?
0
Suppose 18*h = -3*o + 16*h + 369, -5*o + 614 = 3*h. Suppose 69 = 2*s - o. Calculate the remainder when s is divided by 17.
10
Suppose 4*d - 13 = -3*x, 0 = -2*d - 3*x + 5. Suppose 101 = d*w + 5. Calculate the remainder when 44 is divided by w.
20
Suppose 2*f - i - 61 = 0, i + 1 = -0. Let y = -31 + 239. What is the remainder when y is divided by f?
28
Suppose -5*m - 51 = -71. Suppose m*r - 4*s = 8, 4*r + s - 2*s = 17. What is the remainder when 43 is divided by r?
3
Suppose 2*m + 9997 = 3*k, 52*m - 54*m - 16663 = -5*k. What is the remainder when k is divided by 24?
21
Suppose 29*q - 20*q + 46*q - 294910 = 0. Calculate the remainder when q is divided by 1069.
17
Suppose 26*x - 515 = 31. What is the remainder when (-63)/(-1) - 